ite number?
False
Let p(k) = -9*k + 4*k + 13 - 4*k. Is p(-8) composite?
True
Suppose 3*t - 1184 - 2617 = 0. Is t prime?
False
Suppose 3*d - 3 = 3*b - 0, -2*d + 4*b = 0. Let p = 45 + 32. Is (d/2)/(1/p) prime?
False
Let j(d) = -d**3 - 6*d**2 - 12*d - 9. Is j(-14) prime?
False
Is (-2)/5 - (-4514)/10 composite?
True
Let y(n) = 35*n - 1. Let r(l) = -l**3 + 6*l**2 + 8*l - 5. Let k be r(7). Is y(k) composite?
True
Let a be (-105)/25 + 2/10. Is (-70)/3*6/a a prime number?
False
Let t(u) = -u**3 + 14*u**2 - 8*u - 10. Is t(9) prime?
False
Suppose -60 = 2*l - 7*l. Let b = 18 - l. Is 4/6 + 38/b a composite number?
False
Suppose m = -0*m + 789. Is m a prime number?
False
Let h(r) = r + 4. Let i be h(-6). Let v be 105/(-9) - i/(-6). Is 14*1*(-42)/v a composite number?
True
Let z = 234 - 332. Is (-11 - -9)*z/4 a composite number?
True
Suppose 0*x + 900 = 5*x. Suppose -x = -r + 115. Let a = -206 + r. Is a composite?
False
Let h(p) = -p**3 + p**2 - p + 470. Let n be h(0). Is 0 + n - (2 - 5) a prime number?
False
Suppose 201 = l + 5*y, 4*y - 120 = -l + 79. Is l a composite number?
False
Let y = 743 - 520. Is y prime?
True
Let d(u) = -11*u + 3. Let h = 4 - -1. Let z(t) = t**2 - 7*t + 4. Let y be z(h). Is d(y) prime?
False
Is 4/(-6) + (-25503)/(-9) composite?
False
Let v = 194 - 131. Let b = 20 + v. Is b a composite number?
False
Let m(q) = q**3 + 24*q**2 + 2*q - 25. Is m(-18) prime?
False
Let d(v) be the second derivative of -5/2*v**2 + 1/2*v**4 + 2*v + 0 - 1/20*v**5 - 2/3*v**3. Is d(4) composite?
False
Let y be (-126)/(-2)*(-4 - -2). Is (71/(-3))/(14/y) prime?
False
Let x be (9/4)/((-12)/(-128)). Suppose 0 = 4*t - x - 484. Is t a prime number?
True
Is -1 + (519/2)/(3/8) prime?
True
Let p = 3 - 9. Let f(w) = 3*w**3 - w**2 + 8*w + 7. Let v(l) = l**3 + 3*l + 2. Let q(c) = p*f(c) + 17*v(c). Is q(6) a prime number?
False
Let h be 0 + 4 - (-3 - -4). Suppose -h*l + 301 = -296. Is l prime?
True
Let s = -172 + 419. Let q = s - 170. Is q a prime number?
False
Let m be (-96)/45 - (-7)/(315/6). Let n(j) = -3*j**3 - 2*j**2 - 4*j - 1. Let t(q) = q**3 + q**2 - 1. Let s(y) = n(y) + 2*t(y). Is s(m) a composite number?
False
Suppose 2*b + 3*s - 15 = -6, s - 3 = 5*b. Suppose -3*t + b*t + 28 = -x, 180 = -4*x - 5*t. Let o = -25 - x. Is o composite?
True
Suppose 4*w + 12 = 0, 2*h + 5*w + 563 - 1550 = 0. Is h a prime number?
False
Suppose -2*d = -5*d - z + 239, 0 = -2*z + 4. Is d prime?
True
Suppose -2*n - c - 176 = -599, -3*n + 645 = 5*c. Let k = n - 121. Suppose -3*p = -2*o - k, 0 = 3*o - 2*o - 2. Is p a prime number?
True
Let k(h) = 112*h + 1. Is k(9) a composite number?
False
Suppose 4*q + o = 4147 - 1643, -2504 = -4*q + 3*o. Is q prime?
False
Let q(h) = -h - 4. Let k be q(-7). Suppose -3*m + 0*g + 1 = -2*g, -k*g = -2*m - 6. Suppose -m*a + 168 = -0*z - 3*z, -5*a = 3*z - 256. Is a composite?
False
Suppose -2*v + s = -92, -s - s + 80 = 2*v. Let i = 73 + v. Suppose 2*z = -z + i. Is z a composite number?
True
Let j = -1 - -3. Suppose c - j*c = -7. Suppose 0 = 2*y - c*y + 430. Is y composite?
True
Let w(l) = 126*l**3 + 1. Let i be (-20)/6 + (-8)/12. Let a be (3/i - -1)*4. Is w(a) composite?
False
Let r be 2/(-3) - (-1)/(-3). Let c = r - -24. Is c composite?
False
Let u(f) = -4*f**3 + 2*f**2 - 2*f + 1. Let j be u(1). Let i be (-6)/(j*4/(-102)). Let w = i + 104. Is w composite?
False
Suppose w = -w. Suppose -5*v - d + 3 + 156 = w, -4 = -d. Is v a prime number?
True
Suppose -10 = -2*m, -2*j + 0*j - 4*m + 160 = 0. Let w be (-2)/7 - 494/(-14). Let u = j - w. Is u composite?
True
Suppose 4*y - 2*z = -410, -49 = 2*y - 3*z + 158. Let l = -296 - y. Let i = l - -321. Is i prime?
True
Let o = 39 - -338. Is o prime?
False
Let q = 1 + 3. Suppose f - 8 = 3*d, -f - q*d = -0*f - 43. Is f a prime number?
True
Let p(l) = -l**3 + 7*l**2 + l - 3. Let g be ((-6)/12)/((-2)/28). Let u be p(g). Let j(v) = 3*v + 1. Is j(u) composite?
False
Suppose -12*u = -9*u - 447. Is u a composite number?
False
Suppose 2*s + 5*f + 15 = 0, 0*s = -s + 4*f + 12. Suppose s = -2*j + 11 + 3. Is j composite?
False
Let r be (-906)/(-8) - 2/8. Let m = r - 60. Is m a prime number?
True
Suppose 3*w + 2*w = -3*r + 1749, 0 = 4*w. Is r composite?
True
Let x(q) = q**2 + 5*q - 29. Is x(9) a prime number?
True
Let c(g) = 17*g - 5. Let m(v) = v**2 - 2*v. Let w be m(3). Suppose 13 = 3*i + s - 0*s, 3*i + 3*s = w. Is c(i) composite?
False
Suppose 0*z = z. Suppose -2*h - 5*o - 24 = -68, 5*h - 5*o - 75 = z. Suppose 0 = 3*b + h - 83. Is b a prime number?
False
Suppose -2*d = -0*d + 24. Let j be (-12)/(-9)*d/(-2). Suppose -a = 2 - j. Is a a prime number?
False
Suppose -3*o + 63 = 4*x - 0*x, 22 = o + x. Suppose -d + o + 356 = 0. Suppose 5*p - 2*p - d = 0. Is p prime?
True
Let w(m) be the third derivative of m**5/60 - m**4/12 + 7*m**3/6 + 3*m**2. Is w(6) composite?
False
Let m(b) = -b**2 - 4*b + 4. Let v be (8/(-10))/2*10. Let z be m(v). Suppose 0 = -4*c - p + 1032, 248 = 2*c - z*p - 250. Is c a composite number?
False
Suppose -3*v + 21 = -0. Let u be 2/(-8) - (-644)/16. Suppose -3*p + v*p = u. Is p composite?
True
Suppose -2*i - 2 = -10. Let p be i*(0 + (-14)/(-4)). Suppose p = -5*l + 89. Is l composite?
True
Let i(u) = -3*u + 2 + 0 - 30*u. Let q be i(5). Let f = 252 + q. Is f prime?
True
Is (-2)/(-2) - (-4 + 6) - -6804 a prime number?
True
Let g(m) = -m**2 + 19*m + 19. Let s be g(16). Suppose -5*r + 4*r = -s. Is r composite?
False
Let z be 11 - (0 + -1 + 2). Suppose -116 = -4*t + 4*r, 10 + 7 = t + 5*r. Let c = z + t. Is c prime?
True
Suppose 5 = -0*o - 5*o. Let z(a) = -2*a**2 + 9*a + 6. Let m(y) = y**2 + y + 1. Let d(f) = o*z(f) + 3*m(f). Is d(-6) composite?
True
Suppose -17 - 22 = -3*a. Suppose -g + 144 = a. Is g prime?
True
Let q(j) = -j**3 + 12*j**2 + 7*j - 19. Is q(8) composite?
False
Is ((-5)/(-5) + -146)/(-1) a prime number?
False
Suppose -2 = -4*h + 2, 2*x + 762 = 2*h. Let u = x + 557. Suppose 3*b - 90 - u = 0. Is b composite?
False
Suppose 0*u = -4*u + 364. Is u composite?
True
Suppose -k + 31170 = 14*k. Is k a prime number?
False
Is 1/((-4)/2)*-452 composite?
True
Is 4/14 - (-3 - (-44052)/(-21)) prime?
False
Let t(h) = -2*h**3 - 2*h**2 + 3*h - 4. Let f = 5 + -2. Suppose f*i + 8 + 6 = -y, 5*y + 10 = 5*i. Is t(i) a prime number?
True
Suppose -r + 2*q = -0 + 8, 2*q = -4*r + 8. Let t be 0 - 6*(-2)/4. Suppose r*m = t*m - 45. Is m a prime number?
False
Let k(y) = -2*y**3 - 10*y**2 + 8*y + 17. Is k(-7) a composite number?
False
Let v(s) = 2*s**3 - 3*s**2 - 4*s - 1. Is v(3) composite?
True
Is (5 - 2)/(-3) - -8 composite?
False
Let l be 7*3*(-2)/(-6). Let m(i) = i**3 - 6*i**2 - 6*i - 5. Let t be m(l). Let g = 16 - t. Is g composite?
True
Suppose -62 = 3*w + 94. Let m = w - -201. Is m a prime number?
True
Let t = 0 - 0. Suppose t*u = u - 14. Is u a composite number?
True
Suppose 1039 = -2*l + 3*l. Is l a prime number?
True
Let x(o) = 4*o + 2. Is x(5) prime?
False
Suppose 21 = 12*q - 9*q. Is 1*147 - 7/q composite?
True
Suppose 4*k + t = 7*k - 587, -4*t - 796 = -4*k. Let o(b) = b + 3. Let w be o(-5). Is k/w*(2 + -3) a prime number?
True
Suppose -s + 8686 = 317. Is s a prime number?
True
Let p be (2/(-4) - -1)*8. Let q(d) be the first derivative of 13*d**2/2 + 3*d + 6. Is q(p) a prime number?
False
Let f(g) = 2*g**2 + 4*g + 3. Let a be f(-2). Suppose -170 - 121 = -a*l. Is l a composite number?
False
Let w = 122 + 5. Is w a composite number?
False
Suppose -2*j + y = -2215, 3*y + 2213 = 4*j - 2*j. Suppose 0*z = 5*w - 5*z - 1110, -5*w = -4*z - j. Let o = w + -143. Is o a prime number?
False
Let o be -21*((-212)/(-3))/(-2). Suppose 2*i - 3*i = -4*w + o, 0 = -4*w + 3*i + 746. Is w a prime number?
False
Is 101*(0/2 - -5) a prime number?
False
Let z = -4752 + 9043. Is z composite?
True
Let n(g) = g**3 + 4*g**2 - 4*g + 1. Is n(6) a composite number?
False
Suppose 2*f - 10 = 0, -3*w - f + 38 = -0*f. Suppose -w = 2*x - 39. Is x a prime number?
False
Suppose -5*s = 8 - 23. Suppose -s*w + 111 = -48. Is w prime?
True
Suppose -4*a = w + 112 - 652, 548 = 4*a - w. Suppose 5*z + 246 - 51 = 0. Let v = a + z. Is v composite?
False
Suppose 9 = m + 2*s, 6*m - 63 = m - s. Is m a prime number?
True
Let i be (-28)/(-182) + (-2258)/(-26). Suppose i = -4*u + 403. Is u a composite number?
False
Suppose l = -3*b + 169, -2*b = 3*l + l - 636. Is l a composite number?
False
Le